se
Is 358 a factor of 285684?
True
Does 73 divide 1266645?
False
Is 386 a factor of 10154116?
True
Does 173 divide 127674?
True
Does 41 divide 1203320?
False
Does 206 divide 9476?
True
Is 2179320 a multiple of 132?
True
Does 71 divide 250332?
False
Is 7 a factor of 1815380?
True
Does 7 divide 24794?
True
Does 71 divide 1125634?
True
Does 67 divide 1148983?
True
Is 4660580 a multiple of 10?
True
Does 161 divide 7245?
True
Does 84 divide 336934?
False
Is 763 a factor of 1636219?
False
Is 24 a factor of 34924992?
True
Is 2038344 a multiple of 462?
True
Does 15 divide 248227?
False
Is 5824846 a multiple of 16?
False
Is 67895 a multiple of 20?
False
Is 27260 a multiple of 145?
True
Is 257100 a multiple of 60?
True
Is 8 a factor of 243888?
True
Does 242 divide 132664?
False
Does 52 divide 663676?
True
Does 139 divide 370101?
False
Is 25 a factor of 242551?
False
Is 10 a factor of 1166914?
False
Is 17 a factor of 37060?
True
Is 894267 a multiple of 33?
True
Is 3 a factor of 93506?
False
Is 342266 a multiple of 52?
False
Is 2538039 a multiple of 744?
False
Is 33 a factor of 4078049?
False
Does 65 divide 146995?
False
Is 45 a factor of 314853?
False
Is 55 a factor of 94833?
False
Does 594 divide 2537568?
True
Is 9 a factor of 27486?
True
Is 419615 a multiple of 10?
False
Is 40 a factor of 27160?
True
Does 385 divide 730249?
False
Does 15 divide 3586878?
False
Is 413653 a multiple of 24?
False
Does 7 divide 30289?
True
Does 13 divide 3507062?
True
Is 579464 a multiple of 114?
False
Does 279 divide 532223?
False
Does 164 divide 174660?
True
Is 37968 a multiple of 12?
True
Is 5 a factor of 45256?
False
Does 61 divide 2338471?
False
Does 141 divide 35979675?
True
Does 21 divide 17553530?
False
Is 920353 a multiple of 11?
False
Is 185 a factor of 68969?
False
Is 11664702 a multiple of 54?
True
Does 188 divide 1207524?
True
Is 17 a factor of 74851?
True
Does 133 divide 126882?
True
Is 19136064 a multiple of 16?
True
Is 101 a factor of 158368?
True
Is 484 a factor of 667188?
False
Is 27265 a multiple of 8?
False
Does 112 divide 33936?
True
Does 149 divide 2253029?
True
Does 22 divide 1626680?
True
Is 25 a factor of 155550?
True
Is 28820150 a multiple of 95?
True
Is 23640 a multiple of 24?
True
Is 3 a factor of 32040?
True
Does 10 divide 12610?
True
Is 5034268 a multiple of 32?
False
Is 2 a factor of 50519?
False
Is 110 a factor of 39256?
False
Does 14 divide 16129097?
False
Is 29 a factor of 3493717?
True
Is 47 a factor of 37136928?
False
Does 271 divide 190513?
True
Is 655941 a multiple of 13?
True
Does 266 divide 5529565?
False
Is 8811787 a multiple of 71?
False
Does 28 divide 6136634?
False
Is 26 a factor of 413114?
True
Is 3039206 a multiple of 314?
True
Does 199 divide 1627820?
True
Is 624024 a multiple of 97?
False
Is 88 a factor of 270776?
True
Is 145794 a multiple of 3?
True
Is 22908 a multiple of 12?
True
Is 515 a factor of 101716?
False
Does 11 divide 867350?
True
Is 197370 a multiple of 510?
True
Is 168 a factor of 729288?
True
Does 8 divide 23748?
False
Is 299 a factor of 528797?
False
Does 52 divide 1257452?
False
Is 707728 a multiple of 16?
True
Does 17 divide 203367?
False
Does 32 divide 676073?
False
Does 304 divide 3004143?
False
Is 830530 a multiple of 23?
True
Does 21 divide 400714?
False
Is 32 a factor of 444654?
False
Does 111 divide 827394?
True
Does 242 divide 841434?
True
Is 147 a factor of 7864941?
True
Does 23 divide 7606468?
True
Does 436 divide 3016684?
True
Is 2891576 a multiple of 4?
True
Is 1199646 a multiple of 14?
True
Does 94 divide 164728?
False
Is 3406676 a multiple of 343?
True
Is 783414 a multiple of 116?
False
Is 13 a factor of 540392?
False
Is 22568 a multiple of 7?
True
Does 103 divide 13181048?
False
Is 8 a factor of 167992?
True
Is 14746705 a multiple of 592?
False
Is 8 a factor of 285896?
True
Does 29 divide 147498?
False
Does 84 divide 206220?
True
Is 55278 a multiple of 83?
True
Does 853 divide 1585727?
True
Is 366924 a multiple of 17?
False
Is 2 a factor of 221259?
False
Is 65324 a multiple of 26?
False
Is 19 a factor of 19298?
False
Is 5165 a multiple of 122?
False
Does 73 divide 485111?
False
Does 637 divide 1831770?
False
Does 625 divide 22881962?
False
Is 271 a factor of 73537?
False
Does 4 divide 208316?
True
Does 8 divide 1652848?
True
Does 19 divide 40014?
True
Is 8257595 a multiple of 15?
False
Does 199 divide 492525?
True
Does 44 divide 14728780?
True
Is 788348 a multiple of 1012?
True
Does 140 divide 3091620?
True
Is 499596 a multiple of 372?
True
Does 202 divide 54269?
False
Is 6 a factor of 84750?
True
Does 3 divide 7520102?
False
Is 230110 a multiple of 29?
False
Is 224411 a multiple of 11?
True
Is 64056 a multiple of 204?
True
Does 63 divide 39690?
True
Does 5 divide 104681?
False
Is 8 a factor of 3845715?
False
Does 483 divide 208971?
False
Does 41 divide 98605?
True
Is 29 a factor of 6591062?
True
Is 526 a factor of 32612?
True
Does 32 divide 1924462?
False
Does 288 divide 1143568?
False
Is 17 a factor of 1995413?
False
Does 29 divide 66080?
False
Is 88608 a multiple of 208?
True
Is 9 a factor of 88796?
False
Is 259 a factor of 354526?
False
Is 2934783 a multiple of 97?
False
Is 5 a factor of 60020?
True
Is 5083421 a multiple of 179?
True
Is 203674 a multiple of 20?
False
Is 1429050 a multiple of 971?
False
Is 851374 a multiple of 30?
False
Is 1137 a factor of 2795883?
True
Is 251484 a multiple of 228?
True
Does 9 divide 8678790?
True
Is 79 a factor of 268828?
False
Is 78 a factor of 47677?
False
Does 1204 divide 1042664?
True
Is 2011837 a multiple of 2?
False
Is 5827 a multiple of 31?
False
Does 16 divide 3936?
True
Is 38 a factor of 8177763?
False
Is 54642 a multiple of 438?
False
Does 31 divide 226143?
False
Is 17 a factor of 139536?
True
Does 82 divide 70454?
False
Does 2 divide 692318?
True
Does 61 divide 2637?
False
Is 882213 a multiple of 719?
True
Does 7 divide 1278253?
False
Is 3908700 a multiple of 404?
True
Is 102 a factor of 87478?
False
Is 12 a factor of 3146124?
True
Is 1717547 a multiple of 169?
True
Does 210 divide 3152835?
False
Does 1029 divide 2048202?
False
Does 19 divide 1910951?
False
Does 3 divide 36471?
True
Does 386 divide 101132?
True
Does 20 divide 3092169?
False
Is 12360027 a multiple of 52?
False
Is 6 a factor of 57991?
False
Is 32 a factor of 811840?
True
Does 76 divide 1267069?
False
Is 24 a factor of 5019128?
False
Is 880491 a multiple of 10?
False
Does 49 divide 15947197?
True
Does 45 divide 2042640?
True
Does 1762 divide 9810816?
True
Is 461827 a multiple of 319?
False
Is 12 a factor of 145464?
True
Is 172 a factor of 128053?
False
Is 297046 a multiple of 19?
True
Does 4 divide 187540?
True
Is 134 a factor of 135207?
False
Is 2443210 a multiple of 209?
True
Is 7436240 a multiple of 70?
True
Does 62 divide 31744?
True
Is 20 a factor of 1017420?
True
Is 136476 a multiple of 68?
True
Is 11457 a multiple of 201?
True
Is 84000 a multiple of 200?
True
Is 19 a factor of 341096?
False
Is 97191 a multiple of 33?
False
Is 41614 a multiple of 12?
False
Does 83 divide 1391718?
False
Is 385692 a multiple of 3?
True
Does 12 divide 219552?
True
Is 1500 a multiple of 11?
False
Does 8 divide 324089?
False
Is 17 a factor of 114648?
True
Does 13 divide 4169564?
False
Is 6227347 a multiple of 30?
False
Does 179 divide 146064?
True
Does 16 divide 340784?
True
Is 344888 a multiple of 51?
False
Does 47 divide 277817?
True
Is 16 a factor of 98647?
False
Is 236 a factor of 4449072?
True
Is 41428 a multiple of 2?
True
Is 57 a factor of 3664937?
False
Is 981 a factor of 5091600?
False
Is 3269376 a multiple of 1152?
True
Is 80 a factor of 161440?
True
Is 519 a factor of 8145713?
False
Is 104 a factor of 188066?
False
Is 889781 a multiple of 13?
False
Is 298 a factor of 586923?
False
Does 1651 divide 7333284?
False
Is 106 a factor of 2338117?
False
Is 16649074 a multiple of 1372?
False
Does 229 divide 147018?
True
Is 20 a factor of 112380?
True
Is 9 a factor of 1915949?
False
Is 229 a factor of 152743?
True
Does 13 divide 23254?
False
Does 6 divide 827174?
False
Is 21 a factor of 910071?
False
Is 5 a factor of 2807215?
True
Does 1148 divide 510909?
False
Is 532 a factor of 3997448?
True
Is 12 a factor of 15168?
True
Is 36 a factor of 35460?
True
Does 361 divide 967841?
True
Is 1230 a fac